[INFO] cloning repository https://github.com/brian-mcnamara/media-controller
[INFO] running `Command { std: "git" "-c" "credential.helper=" "-c" "credential.helper=/workspace/cargo-home/bin/git-credential-null" "clone" "--bare" "https://github.com/brian-mcnamara/media-controller" "/workspace/cache/git-repos/https%3A%2F%2Fgithub.com%2Fbrian-mcnamara%2Fmedia-controller", kill_on_drop: false }`
[INFO] [stderr] Cloning into bare repository '/workspace/cache/git-repos/https%3A%2F%2Fgithub.com%2Fbrian-mcnamara%2Fmedia-controller'...
[INFO] running `Command { std: "git" "rev-parse" "HEAD", kill_on_drop: false }`
[INFO] [stdout] eecd57fbb2fbf22e3dff643138a7d04e30d79d0e
[INFO] checking brian-mcnamara/media-controller against try#72f88fc4e9458f89516a0b8b0868f3718aec5b47 for pr-74989
[INFO] running `Command { std: "git" "clone" "/workspace/cache/git-repos/https%3A%2F%2Fgithub.com%2Fbrian-mcnamara%2Fmedia-controller" "/workspace/builds/worker-4/source", kill_on_drop: false }`
[INFO] [stderr] Cloning into '/workspace/builds/worker-4/source'...
[INFO] [stderr] done.
[INFO] validating manifest of git repo https://github.com/brian-mcnamara/media-controller on toolchain 72f88fc4e9458f89516a0b8b0868f3718aec5b47
[INFO] running `Command { std: "/workspace/cargo-home/bin/cargo" "+72f88fc4e9458f89516a0b8b0868f3718aec5b47" "read-manifest" "--manifest-path" "Cargo.toml", kill_on_drop: false }`
[INFO] started tweaking git repo https://github.com/brian-mcnamara/media-controller
[INFO] finished tweaking git repo https://github.com/brian-mcnamara/media-controller
[INFO] tweaked toml for git repo https://github.com/brian-mcnamara/media-controller written to /workspace/builds/worker-4/source/Cargo.toml
[INFO] crate git repo https://github.com/brian-mcnamara/media-controller already has a lockfile, it will not be regenerated
[INFO] running `Command { std: "/workspace/cargo-home/bin/cargo" "+72f88fc4e9458f89516a0b8b0868f3718aec5b47" "fetch" "--locked" "--manifest-path" "Cargo.toml", kill_on_drop: false }`
[INFO] [stderr]  Downloading crates ...
[INFO] [stderr]   Downloaded native-tls v0.2.0
[INFO] [stderr]   Downloaded hyper v0.12.5
[INFO] [stderr]   Downloaded openssl v0.10.10
[INFO] [stderr]   Downloaded hyper-tls v0.3.0
[INFO] [stderr]   Downloaded serde-hjson v0.8.1
[INFO] [stderr]   Downloaded want v0.0.5
[INFO] [stderr]   Downloaded rust-ini v0.12.2
[INFO] [stderr]   Downloaded config v0.9.0
[INFO] running `Command { std: "docker" "create" "-v" "/var/lib/crater-agent-workspace/builds/worker-4/target:/opt/rustwide/target:rw,Z" "-v" "/var/lib/crater-agent-workspace/builds/worker-4/source:/opt/rustwide/workdir:ro,Z" "-v" "/var/lib/crater-agent-workspace/cargo-home:/opt/rustwide/cargo-home:ro,Z" "-v" "/var/lib/crater-agent-workspace/rustup-home:/opt/rustwide/rustup-home:ro,Z" "-e" "SOURCE_DIR=/opt/rustwide/workdir" "-e" "CARGO_TARGET_DIR=/opt/rustwide/target" "-e" "CARGO_HOME=/opt/rustwide/cargo-home" "-e" "RUSTUP_HOME=/opt/rustwide/rustup-home" "-w" "/opt/rustwide/workdir" "-m" "1610612736" "--user" "0:0" "--network" "none" "rustops/crates-build-env@sha256:d92eaeed33fa75130ca1ee6c8a01d1ffb62bac859dfdfb3450e3e5d1c0146529" "/opt/rustwide/cargo-home/bin/cargo" "+72f88fc4e9458f89516a0b8b0868f3718aec5b47" "metadata" "--no-deps" "--format-version=1", kill_on_drop: false }`
[INFO] [stdout] a68cd7617d332cc706811695d00b52d4ef30e23ac48b2dcc5dc4f2861d55a909
[INFO] [stderr] WARNING: Your kernel does not support swap limit capabilities or the cgroup is not mounted. Memory limited without swap.
[INFO] running `Command { std: "docker" "start" "-a" "a68cd7617d332cc706811695d00b52d4ef30e23ac48b2dcc5dc4f2861d55a909", kill_on_drop: false }`
[INFO] running `Command { std: "docker" "inspect" "a68cd7617d332cc706811695d00b52d4ef30e23ac48b2dcc5dc4f2861d55a909", kill_on_drop: false }`
[INFO] running `Command { std: "docker" "rm" "-f" "a68cd7617d332cc706811695d00b52d4ef30e23ac48b2dcc5dc4f2861d55a909", kill_on_drop: false }`
[INFO] [stdout] a68cd7617d332cc706811695d00b52d4ef30e23ac48b2dcc5dc4f2861d55a909
[INFO] running `Command { std: "docker" "create" "-v" "/var/lib/crater-agent-workspace/builds/worker-4/target:/opt/rustwide/target:rw,Z" "-v" "/var/lib/crater-agent-workspace/builds/worker-4/source:/opt/rustwide/workdir:ro,Z" "-v" "/var/lib/crater-agent-workspace/cargo-home:/opt/rustwide/cargo-home:ro,Z" "-v" "/var/lib/crater-agent-workspace/rustup-home:/opt/rustwide/rustup-home:ro,Z" "-e" "SOURCE_DIR=/opt/rustwide/workdir" "-e" "CARGO_TARGET_DIR=/opt/rustwide/target" "-e" "CARGO_INCREMENTAL=0" "-e" "RUST_BACKTRACE=full" "-e" "RUSTFLAGS=--cap-lints=forbid" "-e" "CARGO_HOME=/opt/rustwide/cargo-home" "-e" "RUSTUP_HOME=/opt/rustwide/rustup-home" "-w" "/opt/rustwide/workdir" "-m" "1610612736" "--user" "0:0" "--network" "none" "rustops/crates-build-env@sha256:d92eaeed33fa75130ca1ee6c8a01d1ffb62bac859dfdfb3450e3e5d1c0146529" "/opt/rustwide/cargo-home/bin/cargo" "+72f88fc4e9458f89516a0b8b0868f3718aec5b47" "check" "--frozen" "--all" "--all-targets" "--message-format=json", kill_on_drop: false }`
[INFO] [stdout] 803915a78e95006461d788d5d98b5ac872fa9d8ee4b55b216aea4f61c661c677
[INFO] [stderr] WARNING: Your kernel does not support swap limit capabilities or the cgroup is not mounted. Memory limited without swap.
[INFO] running `Command { std: "docker" "start" "-a" "803915a78e95006461d788d5d98b5ac872fa9d8ee4b55b216aea4f61c661c677", kill_on_drop: false }`
[INFO] [stderr]     Checking libc v0.2.42
[INFO] [stderr]     Checking slab v0.4.0
[INFO] [stderr]    Compiling winapi-build v0.1.1
[INFO] [stderr]    Compiling cc v1.0.17
[INFO] [stderr]     Checking scopeguard v0.3.3
[INFO] [stderr]     Checking memoffset v0.2.1
[INFO] [stderr]     Checking winapi v0.2.8
[INFO] [stderr]     Checking fnv v1.0.6
[INFO] [stderr]     Checking serde v0.8.23
[INFO] [stderr]    Compiling openssl v0.10.10
[INFO] [stderr]    Compiling native-tls v0.2.0
[INFO] [stderr]     Checking try-lock v0.2.2
[INFO] [stderr]     Checking openssl-probe v0.1.2
[INFO] [stderr]     Checking linked-hash-map v0.5.1
[INFO] [stderr]     Checking lazy_static v0.2.11
[INFO] [stderr]     Checking rust-ini v0.12.2
[INFO] [stderr]     Checking log v0.4.3
[INFO] [stderr]     Checking crossbeam-epoch v0.4.3
[INFO] [stderr]     Checking num-traits v0.1.43
[INFO] [stderr]     Checking toml v0.4.6
[INFO] [stderr]     Checking serde_json v1.0.22
[INFO] [stderr]    Compiling kernel32-sys v0.2.2
[INFO] [stderr]     Checking yaml-rust v0.4.0
[INFO] [stderr]     Checking want v0.0.5
[INFO] [stderr]     Checking crossbeam-deque v0.3.1
[INFO] [stderr]     Checking iovec v0.1.2
[INFO] [stderr]     Checking net2 v0.2.33
[INFO] [stderr]     Checking num_cpus v1.8.0
[INFO] [stderr]     Checking rand v0.4.2
[INFO] [stderr]     Checking thread-id v2.0.0
[INFO] [stderr]     Checking memchr v0.1.11
[INFO] [stderr]     Checking time v0.1.40
[INFO] [stderr]     Checking memchr v2.0.1
[INFO] [stderr]     Checking thread_local v0.2.7
[INFO] [stderr]     Checking aho-corasick v0.5.3
[INFO] [stderr]     Checking futures-cpupool v0.1.8
[INFO] [stderr]     Checking nom v4.0.0
[INFO] [stderr]     Checking bytes v0.4.8
[INFO] [stderr]     Checking regex v0.1.80
[INFO] [stderr]     Checking mio v0.6.15
[INFO] [stderr]    Compiling openssl-sys v0.9.33
[INFO] [stderr]     Checking tokio-io v0.1.7
[INFO] [stderr]     Checking http v0.1.7
[INFO] [stderr]     Checking tokio-threadpool v0.1.5
[INFO] [stderr]     Checking tokio-reactor v0.1.2
[INFO] [stderr]     Checking tokio-codec v0.1.0
[INFO] [stderr]     Checking tokio-fs v0.1.1
[INFO] [stderr]     Checking tokio-udp v0.1.1
[INFO] [stderr]     Checking tokio-tcp v0.1.0
[INFO] [stderr]     Checking tokio v0.1.7
[INFO] [stderr]     Checking serde_test v0.8.23
[INFO] [stderr]     Checking linked-hash-map v0.3.0
[INFO] [stderr]     Checking h2 v0.1.10
[INFO] [stderr]     Checking serde-hjson v0.8.1
[INFO] [stderr]     Checking config v0.9.0
[INFO] [stderr]     Checking hyper v0.12.5
[INFO] [stderr]     Checking hyper-tls v0.3.0
[INFO] [stderr]     Checking media_hub v0.1.0 (/opt/rustwide/workdir)
[INFO] [stdout] error[E0425]: cannot find value `next` in this scope
[INFO] [stdout]   --> src/event_stream.rs:72:17
[INFO] [stdout]    |
[INFO] [stdout] 72 |         *self = next;
[INFO] [stdout]    |                 ^^^^ not found in this scope
[INFO] [stdout] 
[INFO] [stdout] 
[INFO] [stdout] warning: unused import: `hyper::Client`
[INFO] [stdout]  --> src/main.rs:8:5
[INFO] [stdout]   |
[INFO] [stdout] 8 | use hyper::Client;
[INFO] [stdout]   |     ^^^^^^^^^^^^^
[INFO] [stdout]   |
[INFO] [stdout]   = note: `#[warn(unused_imports)]` on by default
[INFO] [stdout] 
[INFO] [stdout] 
[INFO] [stdout] warning: unused imports: `Future`, `self`
[INFO] [stdout]  --> src/main.rs:9:17
[INFO] [stdout]   |
[INFO] [stdout] 9 | use hyper::rt::{self, Future, Stream};
[INFO] [stdout]   |                 ^^^^  ^^^^^^
[INFO] [stdout] 
[INFO] [stdout] 
[INFO] [stdout] warning: unused import: `Response`
[INFO] [stdout]   --> src/main.rs:10:28
[INFO] [stdout]    |
[INFO] [stdout] 10 | use hyper::{Body, Request, Response};
[INFO] [stdout]    |                            ^^^^^^^^
[INFO] [stdout] 
[INFO] [stdout] 
[INFO] [stdout] warning: unused import: `AUTHORIZATION`
[INFO] [stdout]   --> src/main.rs:11:21
[INFO] [stdout]    |
[INFO] [stdout] 11 | use hyper::header::{AUTHORIZATION};
[INFO] [stdout]    |                     ^^^^^^^^^^^^^
[INFO] [stdout] 
[INFO] [stdout] 
[INFO] [stdout] warning: unused import: `hyper::body::Payload`
[INFO] [stdout]   --> src/main.rs:13:5
[INFO] [stdout]    |
[INFO] [stdout] 13 | use hyper::body::Payload;
[INFO] [stdout]    |     ^^^^^^^^^^^^^^^^^^^^
[INFO] [stdout] 
[INFO] [stdout] 
[INFO] [stdout] warning: unused import: `http::StatusCode`
[INFO] [stdout]   --> src/main.rs:14:5
[INFO] [stdout]    |
[INFO] [stdout] 14 | use http::StatusCode;
[INFO] [stdout]    |     ^^^^^^^^^^^^^^^^
[INFO] [stdout] 
[INFO] [stdout] 
[INFO] [stdout] warning: unused import: `hyper::body::Chunk`
[INFO] [stdout]  --> src/event.rs:1:5
[INFO] [stdout]   |
[INFO] [stdout] 1 | use hyper::body::Chunk;
[INFO] [stdout]   |     ^^^^^^^^^^^^^^^^^^
[INFO] [stdout] 
[INFO] [stdout] 
[INFO] [stdout] warning: unused import: `hyper::rt::run`
[INFO] [stdout]   --> src/event_stream.rs:10:5
[INFO] [stdout]    |
[INFO] [stdout] 10 | use hyper::rt::run;
[INFO] [stdout]    |     ^^^^^^^^^^^^^^
[INFO] [stdout] 
[INFO] [stdout] 
[INFO] [stdout] warning: unused import: `futures::future::ok`
[INFO] [stdout]   --> src/event_stream.rs:11:5
[INFO] [stdout]    |
[INFO] [stdout] 11 | use futures::future::ok;
[INFO] [stdout]    |     ^^^^^^^^^^^^^^^^^^^
[INFO] [stdout] 
[INFO] [stdout] 
[INFO] [stdout] error[E0425]: cannot find value `next` in this scope
[INFO] [stdout]   --> src/event_stream.rs:72:17
[INFO] [stdout]    |
[INFO] [stdout] 72 |         *self = next;
[INFO] [stdout]    |                 ^^^^ not found in this scope
[INFO] [stdout] 
[INFO] [stdout] 
[INFO] [stdout] warning: unused import: `hyper::Client`
[INFO] [stdout]  --> src/main.rs:8:5
[INFO] [stdout]   |
[INFO] [stdout] 8 | use hyper::Client;
[INFO] [stdout]   |     ^^^^^^^^^^^^^
[INFO] [stdout]   |
[INFO] [stdout]   = note: `#[warn(unused_imports)]` on by default
[INFO] [stdout] 
[INFO] [stdout] 
[INFO] [stdout] warning: unused imports: `Future`, `self`
[INFO] [stdout]  --> src/main.rs:9:17
[INFO] [stdout]   |
[INFO] [stdout] 9 | use hyper::rt::{self, Future, Stream};
[INFO] [stdout]   |                 ^^^^  ^^^^^^
[INFO] [stdout] 
[INFO] [stdout] 
[INFO] [stdout] warning: unused import: `Response`
[INFO] [stdout]   --> src/main.rs:10:28
[INFO] [stdout]    |
[INFO] [stdout] 10 | use hyper::{Body, Request, Response};
[INFO] [stdout]    |                            ^^^^^^^^
[INFO] [stdout] 
[INFO] [stdout] 
[INFO] [stdout] warning: unused import: `AUTHORIZATION`
[INFO] [stdout]   --> src/main.rs:11:21
[INFO] [stdout]    |
[INFO] [stdout] 11 | use hyper::header::{AUTHORIZATION};
[INFO] [stdout]    |                     ^^^^^^^^^^^^^
[INFO] [stdout] 
[INFO] [stdout] 
[INFO] [stdout] warning: unused import: `hyper::body::Payload`
[INFO] [stdout]   --> src/main.rs:13:5
[INFO] [stdout]    |
[INFO] [stdout] 13 | use hyper::body::Payload;
[INFO] [stdout]    |     ^^^^^^^^^^^^^^^^^^^^
[INFO] [stdout] 
[INFO] [stdout] 
[INFO] [stdout] warning: unused import: `http::StatusCode`
[INFO] [stdout]   --> src/main.rs:14:5
[INFO] [stdout]    |
[INFO] [stdout] 14 | use http::StatusCode;
[INFO] [stdout]    |     ^^^^^^^^^^^^^^^^
[INFO] [stdout] 
[INFO] [stdout] 
[INFO] [stdout] warning: unused import: `hyper::body::Chunk`
[INFO] [stdout]  --> src/event.rs:1:5
[INFO] [stdout]   |
[INFO] [stdout] 1 | use hyper::body::Chunk;
[INFO] [stdout]   |     ^^^^^^^^^^^^^^^^^^
[INFO] [stdout] 
[INFO] [stdout] 
[INFO] [stdout] warning: unused import: `hyper::rt::run`
[INFO] [stdout]   --> src/event_stream.rs:10:5
[INFO] [stdout]    |
[INFO] [stdout] 10 | use hyper::rt::run;
[INFO] [stdout]    |     ^^^^^^^^^^^^^^
[INFO] [stdout] 
[INFO] [stdout] 
[INFO] [stdout] warning: unused import: `futures::future::ok`
[INFO] [stdout]   --> src/event_stream.rs:11:5
[INFO] [stdout]    |
[INFO] [stdout] 11 | use futures::future::ok;
[INFO] [stdout]    |     ^^^^^^^^^^^^^^^^^^^
[INFO] [stdout] 
[INFO] [stdout] 
[INFO] [stdout] error[E0223]: ambiguous associated type
[INFO] [stdout]   --> src/event_stream.rs:88:66
[INFO] [stdout]    |
[INFO] [stdout] 88 |     pub fn request(&mut self, req: Request<Body>) -> Poll<Option<Self::Item>, Self::Error> {
[INFO] [stdout]    |                                                                  ^^^^^^^^^^ help: use fully-qualified syntax: `<EventSource<C> as Trait>::Item`
[INFO] [stdout] 
[INFO] [stdout] 
[INFO] [stdout] error[E0223]: ambiguous associated type
[INFO] [stdout]   --> src/event_stream.rs:88:79
[INFO] [stdout]    |
[INFO] [stdout] 88 |     pub fn request(&mut self, req: Request<Body>) -> Poll<Option<Self::Item>, Self::Error> {
[INFO] [stdout]    |                                                                               ^^^^^^^^^^^ help: use fully-qualified syntax: `<EventSource<C> as Trait>::Error`
[INFO] [stdout] 
[INFO] [stdout] 
[INFO] [stdout] error: aborting due to 3 previous errors; 9 warnings emitted
[INFO] [stdout] 
[INFO] [stdout] 
[INFO] [stdout] Some errors have detailed explanations: E0223, E0425.
[INFO] [stdout] 
[INFO] [stdout] For more information about an error, try `rustc --explain E0223`.
[INFO] [stdout] 
[INFO] [stdout] error[E0223]: ambiguous associated type
[INFO] [stdout]   --> src/event_stream.rs:88:66
[INFO] [stdout]    |
[INFO] [stdout] 88 |     pub fn request(&mut self, req: Request<Body>) -> Poll<Option<Self::Item>, Self::Error> {
[INFO] [stdout]    |                                                                  ^^^^^^^^^^ help: use fully-qualified syntax: `<EventSource<C> as Trait>::Item`
[INFO] [stdout] 
[INFO] [stdout] 
[INFO] [stdout] error[E0223]: ambiguous associated type
[INFO] [stdout]   --> src/event_stream.rs:88:79
[INFO] [stdout]    |
[INFO] [stdout] 88 |     pub fn request(&mut self, req: Request<Body>) -> Poll<Option<Self::Item>, Self::Error> {
[INFO] [stdout]    |                                                                               ^^^^^^^^^^^ help: use fully-qualified syntax: `<EventSource<C> as Trait>::Error`
[INFO] [stdout] 
[INFO] [stdout] 
[INFO] [stdout] error: aborting due to 3 previous errors; 9 warnings emitted
[INFO] [stdout] 
[INFO] [stdout] 
[INFO] [stdout] Some errors have detailed explanations: E0223, E0425.
[INFO] [stdout] 
[INFO] [stdout] For more information about an error, try `rustc --explain E0223`.
[INFO] [stdout] 
[INFO] [stderr] error: could not compile `media_hub`.
[INFO] [stderr] 
[INFO] [stderr] To learn more, run the command again with --verbose.
[INFO] [stderr] warning: build failed, waiting for other jobs to finish...
[INFO] [stderr] error: build failed
[INFO] running `Command { std: "docker" "inspect" "803915a78e95006461d788d5d98b5ac872fa9d8ee4b55b216aea4f61c661c677", kill_on_drop: false }`
[INFO] running `Command { std: "docker" "rm" "-f" "803915a78e95006461d788d5d98b5ac872fa9d8ee4b55b216aea4f61c661c677", kill_on_drop: false }`
[INFO] [stdout] 803915a78e95006461d788d5d98b5ac872fa9d8ee4b55b216aea4f61c661c677
